be -4 + 342/(-3 - -5). Let d = c - 63. What are the prime factors of d?
2, 13
Let m(w) = 36*w - 35. Let c(p) = 4*p + 36. Let a be c(-7). What are the prime factors of m(a)?
11, 23
Let a be ((-6)/8)/(1/(-12)). Suppose -12 = -a*g + 5*g. Let v(b) = 6*b - 5. List the prime factors of v(g).
13
Suppose 0 = -23*q + 17*q. Suppose z + 147 = 2*k - 2*z, -z + 3 = 0. Suppose 2*u = -q*u + k. What are the prime factors of u?
3, 13
Let t(l) = 3*l**3 - 4*l**2 + 2*l + 1. Let h be t(2). Let a = h + -11. What are the prime factors of a?
2
Let g be -3 + (-6)/(-2) + 0. Suppose g*z - 270 = -5*z. List the prime factors of z.
2, 3
Let h = 638 + 18. What are the prime factors of h?
2, 41
Suppose 28 = 2*h + 4*p + 6, 11 = 4*h - 3*p. Suppose l + 8*r - 4*r - 307 = 0, 0 = h*l + 5*r - 1505. What are the prime factors of l?
13, 23
What are the prime factors of 85 + 3/(-15) + 1/5?
5, 17
Let a(l) = -l**3 - 11*l**2 - 9*l + 5. Let x be a(-10). Let y be (15/(-9))/x*12. List the prime factors of y/28 - 375/(-21).
2, 3
Let f = 6095 + -2222. What are the prime factors of f?
3, 1291
Suppose -4*n + 2 = -2*w - 0, -3 = 3*n. What are the prime factors of (-6 + 12)/(w/(-16))?
2
Let q(o) = 188*o + 41. What are the prime factors of q(3)?
5, 11
Let p(z) = -z**2 + 60*z - 178. List the prime factors of p(39).
641
Suppose 2*o - 213 = -45. Let b be (-4)/(-18) + 194/18. Suppose -b*h = -7*h - o. What are the prime factors of h?
3, 7
Let f = 404 - 146. What are the prime factors of f?
2, 3, 43
Let b be (-4)/18 + 6785/(-45). Let i = 3 - b. What are the prime factors of i?
2, 7, 11
Let f(k) = -k**2 - 19*k + 23. Let q = -4 - 7. What are the prime factors of f(q)?
3, 37
Suppose n = -4*n + 370. Suppose -n = -j + 13. Suppose 6*a = 9*a - j. List the prime factors of a.
29
What are the prime factors of (180/21)/(15/3010)?
2, 5, 43
Let u = -537 + 4131. List the prime factors of u.
2, 3, 599
Let f = 35 + -32. Suppose -y = -5*y - m + 382, -f*m = 4*y - 378. List the prime factors of y.
2, 3
Suppose 4*c - 9*c = -1125. What are the prime factors of c?
3, 5
Let h = -83 + 3. Suppose 71 = y + 75. What are the prime factors of (19/y)/(10/h)?
2, 19
Suppose -4*w + 16 = -0*w. Suppose -s = s + w. What are the prime factors of 4 + 0 + (3 - s)?
3
Let g(j) = -2*j - 12. Let t be g(4). Let r be (-108)/(-10)*t/(-8). Suppose -12 = -d + r. What are the prime factors of d?
3, 13
Let h be (3*(-34)/(-3))/1. Suppose 5*a - 3*t = 18 + 32, h = 2*a - 4*t. Suppose -8*i = -a*i - 19. What are the prime factors of i?
19
Let q = -16 + 16. Suppose -5*t + 0 = -2*y - 3, 4*t - 12 = q. Suppose -108 = -4*x + 5*j, 3*j = 2*x - y - 46. List the prime factors of x.
2
Suppose 0 = 4*x + 4 - 12. Suppose -a + 166 = 3*d, -x*d + 114 = -3*a + 2*a. What are the prime factors of d?
2, 7
Let x(q) be the first derivative of 32*q**3/3 + 2*q**2 - 4*q + 8. List the prime factors of x(1).
2
Let w = 217 + -92. Let k = w + -33. What are the prime factors of k?
2, 23
Suppose -6*r = 277 + 77. Let m = 254 - r. What are the prime factors of m?
313
Suppose 18 - 78 = -5*a. Let w = a - 7. Suppose -3*o + 58 = -o + w*m, -o = 3*m - 31. List the prime factors of o.
19
Suppose 4*t - 44 = -3*l, 5*l + 3*t = 8*t + 15. Let v be 0/(((-3)/(-9))/(4/24)). Let s = v + l. List the prime factors of s.
2
Let x(g) = g**3 + 3*g**2 + 1. Let c be x(-3). List the prime factors of 94 + (c - 3)*1.
2, 23
Suppose 0 = 5*w - 3*i - 2402, w + 11*i - 486 = 6*i. List the prime factors of w.
13, 37
Suppose 0*u - 12 = -4*u - 4*n, -12 = -4*n. Let b be -5 + (-2 - -3 - u). Let y = b - -11. List the prime factors of y.
7
Let t(p) = -p**3 - p**2 - 2. Let q be t(-2). Suppose q*a = 99 - 23. List the prime factors of a.
2, 19
Let j(c) = c**3 - 3*c**2 + 2*c + 4. Let l = 21 - 17. Let d be j(l). Suppose -q + 25 = 4*y, 2*q + 3*y = 2 + d. List the prime factors of q.
3
Suppose -2*r - 3*r + d - 103 = 0, -2 = d. Let p = r + 82. What are the prime factors of p?
61
Let v(k) = -k**3 + 14*k**2 + 9*k + 16. What are the prime factors of v(11)?
2, 239
Let j be (-2)/6 - (-136)/(-6). Let o = j - -29. Let b(w) = -w**2 + 10*w - 11. List the prime factors of b(o).
13
Let t be (-4)/(-8) + (-107)/(-2) + -1. Let g = 103 - t. List the prime factors of g.
2, 5
Suppose -2*i - 4 = -3*i. Suppose 2*c = -3*u - 47, -2*c + 101 = -5*u - i. Let p = u - -38. List the prime factors of p.
19
Let m(w) = 44113*w**3 - w**2. Let y be m(-1). Let f be y/(-49) - 2/7. List the prime factors of ((-1)/3)/((-4)/f).
3, 5
Suppose -j - 6*j = -35. Suppose -2*c - 5*d + 419 = c, j*c + d - 735 = 0. List the prime factors of c.
2, 37
Suppose -8 = -4*z, z - 268 = -x + 460. What are the prime factors of x?
2, 3, 11
Suppose 4*f - 4*j + 12 = -0*f, 4*j = 3*f + 12. Suppose f = -g + 8 - 5. List the prime factors of g.
3
Suppose 5*h = -5*k + 20, k + 8 = 3*k + h. Suppose 29 = k*l - 3*l. List the prime factors of l.
29
Let x(a) = a**2 - a - 23. What are the prime factors of x(-6)?
19
Let w = 10 - 4. Let i(a) = w*a**2 + a**3 - a + 68 - 6*a**2. What are the prime factors of i(0)?
2, 17
Let x(a) = 3*a**2 - 2*a + 2. Let l be x(1). Let p(c) = 2 + 5*c + c**2 - 2 - l. What are the prime factors of p(-8)?
3, 7
List the prime factors of ((-434)/(-5))/(16/80).
2, 7, 31
Let p be (-180)/14*28/(-6). Suppose -4*w - w = -p. Suppose v - w = 12. List the prime factors of v.
2, 3
Let r = 3884 - 2691. What are the prime factors of r?
1193
Suppose -2*x + 5*x = 12. Suppose x*i - 23 = -j, -20 = 2*j + 2*j. Let m = 31 - i. What are the prime factors of m?
2, 3
Let l(c) be the third derivative of -c**6/144 + 7*c**5/120 - c**4/6 - 3*c**2. Let j(n) be the second derivative of l(n). What are the prime factors of j(-3)?
2, 11
Let t = 26 - 15. Let s be 2 + -2 - 3 - -8. Suppose 0 = -l - 4*z + 10, -39 = -5*l - s*z + t. What are the prime factors of l?
2, 5
Let t(j) = -j**3 - 8*j**2 - 9*j + 2. Let k be t(-7). Let h = 8 - k. List the prime factors of (h/(-5))/((-6)/(-15)).
2
Suppose 2*y = 8 - 0. Suppose 0 = y*c - 2 - 18. Suppose -c*w + 11 = 1, 0 = q - 4*w - 33. What are the prime factors of q?
41
Let a(j) = 4*j + 275. What are the prime factors of a(0)?
5, 11
Let j be 1 - (4 - 0) - 49. Let a = j - -86. What are the prime factors of a?
2, 17
Let v = -141 + 228. What are the prime factors of v?
3, 29
Let c be -3 - 0*(-4)/(-16). List the prime factors of (-4)/(c/36*3).
2
Suppose 5*h + 0*h = 0. Suppose h = 14*a - 10*a - 100. List the prime factors of a.
5
Suppose -5*x = -2*f - 3*f - 20, -3 = -3*f - 2*x. List the prime factors of 382/(6 + f + -3).
191
What are the prime factors of -1 + 2 + (8 - (0 - 500))?
509
Suppose -i = 5 - 6. Suppose 3*g + 5*v - i = 10, 2*v = 5*g - 39. Let r = -4 + g. List the prime factors of r.
3
Suppose 0 = 3*s - s - 3*z + 129, -5*s - 3*z = 333. Let p = -35 - s. What are the prime factors of p?
31
Let b(u) = -16*u**3 + 2*u**2 + u. Suppose 1 + 14 = 5*k. Let z = k + -4. What are the prime factors of b(z)?
17
Suppose -x + 43 + 0 = 0. Let r = -16 + x. What are the prime factors of r?
3
Let m = -32 + 20. Let n be (1 - (-4)/m)*3. Suppose 0*x - 13 = -4*i + 3*x, -n*i - 5*x = -13. List the prime factors of i.
2
List the prime factors of ((-3800940)/(-182))/22 - (-4)/(-14).
13, 73
Let p(v) be the third derivative of -v**6/120 + 6*v**2. Let m be p(0). Suppose m*u - 48 = -4*u. What are the prime factors of u?
2, 3
Let x(m) = m**3 + 3*m**2 - 5*m - 3. Let c be x(-4). What are the prime factors of c*((-126)/(-2) - -2)?
5, 13
Let v be (6/15)/(1/70). Let g = -24 + v. Suppose 2*b = 4*f + 12, g*b + f - 24 = -0*f. What are the prime factors of b?
2, 3
Suppose 0 = -5*f + 2*c + 3*c, -3*f + 4*c - 3 = 0. Suppose -5*o + 107 = 4*i + 34, -o - 50 = -f*i. Suppose 0 = r - 2*r + i. What are the prime factors of r?
17
Suppose 2*b - 18 = -2*h, h + 33 = 5*b - 0*b. Suppose b = p + 11. What are the prime factors of p + 41 + 3 - 3?
37
Let m be (-4)/(-10) - (-5971)/35. Let c = -74 + m. What are the prime factors of c?
97
Let p = -7 - -10. Suppose c - 25 = -x - p*x, 5*x + c = 30. Suppose x*g = f - 4 - 3, f + 3*g = 15. List the prime factors of f.
2, 3
Suppose -2*l - 16 = -6*l. Suppose 0 = 2*q - 7*q, 0 = l*u - q - 176. What are the prime factors of (-2 - (-1 + 0)) + u?
43
Suppose 2*b - 2 = 4. Suppose -4*i - 297 = -4*j - 109, -2*i + b*j - 89 = 0. Let c = 89 + i. List the prime factors of c.
37
Let t(d) = d**3 - 21*d**2 + 35*d + 9